, 157
List the prime factors of 54/36*(-12)/(-27)*40563.
2, 3, 4507
Let t = 0 - -5. Suppose 16 + 19 = t*l. Suppose -l*y + 545 = -2*y. What are the prime factors of y?
109
Let i = 48 + -44. What are the prime factors of (319/i*-3)/((-3)/8)?
2, 11, 29
Suppose 0 = -19*s + 25*s - 5412. Suppose -3*j + s = 104. List the prime factors of j.
2, 7, 19
Let x(t) = 216*t**2 - 15*t - 37 - 9 - 163*t**2. List the prime factors of x(-5).
2, 677
Let u(a) = -a**2 + 7*a - 7. Let t be u(5). Suppose 2*y - d - 162 - 45 = 0, y + t*d - 114 = 0. Suppose 19 + y = 4*m. List the prime factors of m.
31
Let v = -7032 - -13317. What are the prime factors of v?
3, 5, 419
Let y(l) = -l**3 - l - 11. Let m be y(-5). Suppose 11*p = -6*p + m. Suppose -p = -2*d - 1. What are the prime factors of d?
3
Let b(a) = 2927*a - 2537. List the prime factors of b(5).
2, 23, 263
Let z = -23 + 24. Let v be z/(-3) + (-32)/3. Let x = 90 + v. List the prime factors of x.
79
Suppose h - 2*q + 98 = 4389, -2*h + q = -8582. List the prime factors of h.
7, 613
Let z(w) = -w**3 + 60*w**2 - 199*w - 126. List the prime factors of z(32).
2, 13, 853
Suppose -17*l + 12*l = -12110. Suppose q - 8*q = -l. List the prime factors of q.
2, 173
Let p = 166 + -154. Suppose -2*x - x = p, 3*n + 4*x - 158 = 0. What are the prime factors of n?
2, 29
Let q be -1 + (-12 + -128)/(-5). Let t be -2 - ((2 - 1) + 50). Let j = q - t. What are the prime factors of j?
2, 5
Let l(h) = -207*h - 117. List the prime factors of l(-17).
2, 3, 7
Let i(l) be the first derivative of l**3/3 + l**2/2 + 17*l + 46. List the prime factors of i(-5).
37
Let s be 2/(-2) + (0 - (0 - 2)). Let u be s + 1/((-2 - 1) + 2). List the prime factors of 2 - -5 - -5 - (-1 - u).
13
Let k(h) be the third derivative of -h**6/120 - 2*h**5/15 - h**4 - 7*h**3/6 - 41*h**2. What are the prime factors of k(-8)?
5, 37
Let i(g) = 9553*g - 6837. What are the prime factors of i(8)?
7, 9941
Let b(f) = 429*f - 2467. List the prime factors of b(14).
3539
Let t(b) be the third derivative of -b**5/60 + 19*b**4/24 - 14*b**3/3 + 261*b**2. List the prime factors of t(14).
2, 3, 7
Let f be 28/(34/6 - 5). Let r = -19 + f. Suppose 19*x + 680 = r*x. List the prime factors of x.
2, 5, 17
Let i(f) = 30*f**2 - 5*f + 3. Let s be i(-3). Let l = s + -145. Suppose 0 = 3*u + 15, 2*w + 5*u - l = 34. List the prime factors of w.
101
Let q(v) = 51*v**2 + 37*v - 458. What are the prime factors of q(21)?
2, 5, 2281
Suppose 8352*g - 8364*g + 569556 = 0. List the prime factors of g.
3, 13, 1217
Let f be 28983/(-6) + (-2)/(-4). Let x(h) = 2*h**3 - 18*h**2 - 15*h + 141. Let j be x(9). What are the prime factors of (f/(-8))/3 + j/8?
2, 101
Suppose -10 = 2*x, r + 2*x - 780 = -4*r. Let s = -107 + r. Suppose -2*m + 221 = -s. List the prime factors of m.
2, 17
Suppose -38 + 8 = 2*b + n, -2*b - 5*n - 38 = 0. Let m be (b*2/(-8))/((-1)/(-74)). Let p = -150 + m. List the prime factors of p.
109
Let h(j) = 6697*j + 1661. What are the prime factors of h(8)?
7, 13, 607
Let b(a) = 70*a**2 + 150*a + 2695. List the prime factors of b(-20).
5, 29, 191
Let w(x) = x**3 + 9*x**2 + 12*x + 36. Let b be w(-8). What are the prime factors of 53/((b - 7)/(-27))?
3, 53
What are the prime factors of (-152168)/(-11) + 1830/3355?
2, 6917
Suppose 0 = -21*x + 26411 + 89047. What are the prime factors of x?
2, 2749
Suppose 2*x - 4*x + 8 = 0. Suppose 0 = -5*s - x*h - 22, 2*h - 12 = 3*s + 4*h. What are the prime factors of (-28 + 3)/(2/s)?
5
Let h(c) = 2*c**3 - 12*c**2 - 9*c - 4. Let k(m) = 8*m - 3*m**3 - 18*m**2 + 31*m**2 + 4 - 2 + 1. Let p(i) = 4*h(i) + 3*k(i). What are the prime factors of p(-8)?
5
Suppose -13541 + 251377 + 144640 = 12*s. List the prime factors of s.
31873
Let t(c) = 456*c**3 + 11*c**2 - 58*c + 6. List the prime factors of t(3).
3, 7, 11, 53
What are the prime factors of 12*((-3)/(-30) + (-5430)/(-200))?
3, 109
Suppose 97*r = 105*r + 152. List the prime factors of 612/1 - (-20 - r).
613
Suppose -2*k = -3*k - 59. Let h = -67 - k. Let l(d) = -10*d - 9. What are the prime factors of l(h)?
71
Let z = -115 - -18300. What are the prime factors of z?
5, 3637
Suppose 11157 - 202 = 35*y. Suppose x = -2*c + 407, -x + y + 108 = -5*c. List the prime factors of x.
3, 137
Let c(j) = 97 - 22 - 9 - 10*j. Let r be c(-17). Suppose -y = 5, -u + 2*y - 3*y = -r. What are the prime factors of u?
241
Let i(w) = 4*w - 37. Let s be i(7). Let f be 8*(-8)/(-128) - s/2. Suppose 112 = 2*v + 5*l - 27, -2*v = -f*l - 189. List the prime factors of v.
2, 41
Suppose 3*c + 5 = -5*w, 0*w + 18 = 4*w - 2*c. Suppose 3*p = -w*v + 165, -2*p - 288 = -7*p + v. What are the prime factors of p?
3, 19
Let t = 45 - 50. Let z(c) = -15*c + 1 + 4 + 7*c. What are the prime factors of z(t)?
3, 5
Suppose -1475 = -4*n + 16709. List the prime factors of n.
2, 2273
Let v = -92 - -188. Let n be -2*(2 - 39/(-2)). Let g = n + v. List the prime factors of g.
53
Suppose g = -2*o + 340, 0*g - 853 = -5*o - g. Let h = 2 + o. What are the prime factors of h?
173
Let y(u) = -u**3 + 12*u**2 - 16*u - 39. Let f be y(10). List the prime factors of f*1/((-1)/(-542)).
2, 271
Let x(n) = 661*n - 1 - 670*n + 60. What are the prime factors of x(6)?
5
Let g(k) = -k**2 + 11*k - 24. Let c = 49 - 42. Let v be g(c). Suppose 2*n + n - 113 = -f, 186 = 5*n + v*f. List the prime factors of n.
2, 19
Let g be 1/(-12) - 172810/(-120). Suppose -8*j + 5*j = -g. List the prime factors of j.
2, 3, 5
Let p(c) = c**3 + 40*c**2 - 43*c + 51. List the prime factors of p(-32).
9619
Let d(v) = 4*v**3 - 11*v**2 + 3*v + 5. Let k(s) = s**3 + s**2 - s - 2. Let r(n) = -d(n) + 3*k(n). What are the prime factors of r(13)?
2, 5
Let b(c) = 4*c + 11. Let g(j) = j - 1. Let p(h) = 3*b(h) - 15*g(h). Let l be p(16). List the prime factors of (-5 - -6) + (l - -124).
5
Let r(y) = -y. Let c be r(-5). Suppose 3*l + 5*s + 223 = 0, -4*l - c*s + 4*s = 269. Let m = l + 134. List the prime factors of m.
2, 17
Let i(u) = -109*u - 22. Let b be i(-9). Let s be b*2/8 - 1/(-4). Suppose 4*p + 2*w = s, -2*p + 0*w + 104 = -3*w. What are the prime factors of p?
2, 29
Let z(h) = 5*h**3 - 9*h**2 - 25*h + 14. What are the prime factors of z(8)?
2, 29, 31
Suppose 0 = -19*a + 14*a + 15. Suppose a*h - 5*j = 59, 3*h + 2*h - 81 = 4*j. Suppose 0 = 10*w - h*w + 195. List the prime factors of w.
5, 13
Let n = -70 - -61. Let g(h) = 4*h**2 - 15*h - 81. What are the prime factors of g(n)?
2, 3, 7
Let i(a) = -3*a**2 + 38*a - 45. Let d(r) = -11*r - 397. Let j be d(-37). List the prime factors of i(j).
5, 7
Suppose -4*d + 4*m + 17548 = 0, 36*m = d + 31*m - 4411. List the prime factors of d.
13, 337
List the prime factors of ((-39)/(-52)*-22)/(15/(-17740)).
2, 11, 887
Suppose 21069 = 3*i - 10*v + 6*v, -3*i = 3*v - 21069. List the prime factors of i.
3, 2341
Let a(i) = -i + 1. Let x(u) = -10*u + 22. Let l(k) = -8*a(k) + x(k). List the prime factors of l(-12).
2, 19
Suppose -2*l + w + 403 + 1152 = 0, 4*w = -3*l + 2338. Let m = l + -432. What are the prime factors of m?
2, 173
Let x be (60/25 - 2)/((-1)/(-115)). Let n = -46 + x. Suppose -2*v + 28 = -n*v. List the prime factors of v.
2, 7
Let s = 49 + -65. Let q be 14/(-112) - 66/s. Suppose 4*x - 46 = -3*v, 0*x + 98 = 5*v - q*x. List the prime factors of v.
2, 3
Suppose -z + 331192 = -3*u + 10*u, 4*u - 189288 = -5*z. What are the prime factors of u?
2, 2957
Suppose -94*k + 301220 = 60473 - 110907. What are the prime factors of k?
3, 29, 43
Suppose 0 = a - 5*i - 1750, 3*a - 2*i - 5230 = -7*i. List the prime factors of a.
5, 349
Let u(h) = 3*h**3 + h**2 + 48*h + 8. Let r be u(0). Let q(o) = 16*o - 13. Let x(i) = -i + 1. Let k(v) = q(v) + 6*x(v). List the prime factors of k(r).
73
Suppose -651*r - 732 = -655*r. Let s = 1036 - r. What are the prime factors of s?
853
Suppose 0 = 8*n - 2*p - 74031 - 59247, 0 = n - 3*p - 16668. List the prime factors of n.
3, 617
Suppose -2*o + m + 2 = 0, -5*o - 2*m + 10 = -2*o. Let t(l) = 35*l**2 + 8 - 16*l**2 + o - 16*l**2 - 5*l. What are the prime factors of t(7)?
2, 61
Let y be (-2 - (-6)/(-6)) + 7. Suppose y*b - 2452 = r + r, 0 = r. List the prime factors of b.
613
Let p = 1046 + 5603. What are the prime factors of p?
61, 109
Let x(g) = -5*g + 123. Let t be x(24). Suppose 4*c + t*z = 1296, 0 = -z - 0*z - 4. List the prime factors of c.
3, 109
Let p(c) = 11*c**2 - 6*c + 7. Le